 is the tens digit of l?
1
Let b(a) be the second derivative of -a**5/60 - a**4/6 + 14*a**3/3 + 17*a**2 - 8*a. Let n(o) be the first derivative of b(o). What is the tens digit of n(0)?
2
Let u be -1 - 2 - 12/(-2). Suppose -4*h - 4*s = -2264, u*s = 5*h - s - 2785. Suppose 0 = 5*a + h - 1351. What is the tens digit of a?
5
Suppose -9*h + 7 = 43. What is the units digit of (-9002)/h*(-4)/(-7)?
6
Let r = 14724 - 10386. What is the hundreds digit of (-14)/(-35) + r/30?
1
Let j = 1 + 6. Let z be 8856/20 - (-54)/45. Suppose -y = -j*y + z. What is the tens digit of y?
7
Suppose -4*c + 21676 = -20*c + 161580. What is the tens digit of c?
4
Let a(h) = -2*h**3 + 2*h**2 + h + 430. Let d be a(0). Let g = -184 + d. What is the units digit of g?
6
Suppose 24 = 4*q, 29*q - 44927 = -c + 27*q. What is the thousands digit of c?
4
Let s(w) = 2659*w**2 - 63*w - 228. What is the units digit of s(-4)?
8
Let a be (-2 + 0 - -3187) + 3. What is the hundreds digit of a/29 + (-16)/(-232)?
1
Suppose -6*w + 16 = 2*w. Suppose 5*i + 2876 = -2*z - 2377, -w = 2*i. What is the tens digit of 3 + 24/(-9) + z/(-12)?
1
Suppose -6628 = -p - 3*i, -5*i - 13238 = -2*p - 2*i. What is the hundreds digit of p?
6
Let d(g) = 2*g**2 - 5*g - 7. Let f be d(5). Let k(n) = -n**3 + 3*n + 4 + 27*n - 11*n + 17*n**2 + 3*n. What is the units digit of k(f)?
6
Let c(n) = -3*n**2 + 10*n + 12. Let f be c(4). Suppose -2*x = -x + 2*g - 658, -f*g - 16 = 0. What is the hundreds digit of x?
6
Let h = -133 - -136. Suppose -u = v - 27 - 339, u - 346 = h*v. What is the tens digit of u?
6
Let i(w) = -w + 47. Let m be i(14). Suppose m + 671 = 2*d. What is the hundreds digit of d?
3
Suppose -91 = 5*x - 2*s + 499, 5*x + 585 = s. Let f = x - -437. What is the units digit of f?
1
Let z(a) = 8*a**2 - a + 5. Suppose -6*x - 5 = -23. Let r be z(x). Let j = -54 + r. What is the units digit of j?
0
Suppose 4*m + 170 = -v + 2958, -2*v - m + 5541 = 0. What is the units digit of v?
8
Let y = 10786 + -1932. What is the hundreds digit of y?
8
Let d = 13259 - 4424. What is the tens digit of d?
3
What is the hundreds digit of (6974/(-132))/((-2)/(-6))*-26?
1
Let u(v) = v**3 + 32*v**2 + 48*v + 144. What is the units digit of u(-20)?
4
Let b = 136 + -79. Let h = b - 33. Suppose -x = 2*x - h. What is the units digit of x?
8
Suppose 38 = -w + 2*w + 2*k, 3*w - 2*k - 130 = 0. Suppose -45*h + w*h = -30. What is the tens digit of -60*(h/35 - (-106)/(-28))?
1
Let q = -1252 + 1256. Let a(z) = z + 2. Let r be a(-2). Suppose r = -q*b + 3*b + 25. What is the units digit of b?
5
Suppose 0 = n - 3*h - 1629, -3*h - 1182 - 2085 = -2*n. Let z = n + -858. What is the tens digit of z?
8
Let i(n) = 3*n + 9. Let u(b) = -b**3 + 16*b**2 + 15*b + 39. Let f be u(17). Suppose 2*k = x - 9, x + f*k = -0*x - 5. What is the units digit of i(x)?
4
Suppose -6*o + o = 4*r - 112, 5*r + 4*o = 131. Suppose -x + 2 = -2*g + x, 2*g = -3*x + r. Suppose 0 = -g*t - 42 + 150. What is the tens digit of t?
2
Let l(r) = 86*r + 1. Let u be l(-1). Let g(v) = -140*v + 369. Let q be g(3). What is the hundreds digit of 122 - (q/u + (-26)/10)?
1
Suppose 74 - 14 = 4*t. Suppose t*z - 7452 = 3*z. What is the hundreds digit of z?
6
Let i(g) = -408*g + 1. Let w be i(1). Let k = -146 - w. What is the hundreds digit of k?
2
Let z = 263 + -242. Suppose 19*q + 94 = z*q. What is the tens digit of q?
4
Suppose -5*c + 3*u = -92, -21 + 20 = -u. Let i(j) = j**2 + 16*j - 10. What is the units digit of i(c)?
5
Let j be -5*(-7)/(-70) + 26/(-4). What is the units digit of (0 + 1)/(j + 6668/952)?
8
Suppose 8*k = 16*k + 16. What is the units digit of -6*(k/4 + -3)?
1
What is the tens digit of (-6263103)/(-495) + (-8)/(-30)?
5
Let f = 221 - 151. What is the units digit of 1485/f*-4*(-7 - 0)?
4
What is the thousands digit of (-1 + 2095)/(21/12 - (-11)/(-44))?
1
What is the thousands digit of (-442321)/(-165) - (-20)/75?
2
Let d(n) = n**3 - 6*n**2 - 7*n + 15. Let t be d(-4). What is the hundreds digit of -2*(-2)/(-18) + (-30680)/t?
2
Suppose 4*l = -t + 8*l + 6723, l - 6703 = -t. Suppose 4*a + 5*k = t, 2*a + 6*k = 9*k + 3381. What is the tens digit of a?
8
Let i = -129 + 1105. Let u = i - 76. What is the hundreds digit of u?
9
Let c(w) = 1375*w**2 - 197*w + 29. What is the ten thousands digit of c(-6)?
5
Suppose 0 = -3*f + 2*n + 7, -f + n + n + 1 = 0. Suppose 18*z - 1185 = 13*z. Suppose z + 30 = f*s. What is the units digit of s?
9
Let k = -8666 + 24818. What is the thousands digit of k?
6
What is the ten thousands digit of (-26)/(1430/(-99))*(45656 - 1)?
8
Let q(v) be the second derivative of 25*v**3/6 - v**2/2 + 17*v. Let t be q(5). Let c = t - 47. What is the units digit of c?
7
Let x be 17/4 + -5 + (-76)/(-16). Suppose 3*l = 5*w - 5 - 2, -x*l + 4 = 0. Suppose b - 3*r = 46, 0 = w*b - 3*b + 4*r + 44. What is the tens digit of b?
5
Suppose 0 = 52*x - 25*x - 73656. Suppose 3*t + 2*t = -4*b + x, -3*b = 9. What is the hundreds digit of t?
5
Let i(w) = 432*w + 73. Let y(t) = -216*t - 38. Let o(d) = 2*i(d) + 5*y(d). What is the units digit of o(-3)?
4
What is the hundreds digit of 20581 + -458 - (1 - 13)?
1
Let x(f) = 3*f**3 - 6*f**2 - 7*f - 11. Let p be ((-36)/(-162) + (-10)/(-36))*12. What is the tens digit of x(p)?
7
Suppose 3*x = -i + 4, 7 - 3 = i + x. Suppose 4*h + 336 = i*c, 0 = -7*c - 6*h + h + 528. What is the tens digit of c?
7
Let u(v) = -24*v - 1. Let o(d) = -d + 1. Let q(r) = 3*o(r) + 3*u(r). What is the tens digit of q(-1)?
7
Suppose -41 - 9 = -2*x. Let n = x + -11. Suppose y + 2*m - 39 = 0, -3*m - n = 1. What is the tens digit of y?
4
Let i = 1971 + 4276. What is the hundreds digit of i?
2
Suppose -2*r + 8*r - 4*q - 8194 = 0, 0 = -5*r - 5*q + 6845. What is the hundreds digit of r?
3
Let i(g) = 5*g**2 + 12*g + 16. Suppose 2*x + 19 + 13 = -5*m, 4*x + 5*m = -44. What is the units digit of i(x)?
4
What is the hundreds digit of 210/(-525) - (-207404)/10?
7
Suppose 0 = -n - 1, 0 = l + 2*n + 594 - 2932. What is the hundreds digit of l?
3
Suppose 0 = 26*t - 223543 + 60379 - 135940. What is the units digit of t?
4
Let v(a) = -9*a + 21. Let t be v(-5). What is the tens digit of 2520/22 + (-36)/t?
1
Suppose 33076 + 2074 = -50*d. Let y = -304 - d. What is the hundreds digit of y?
3
Let m(s) be the third derivative of s**5/30 + 7*s**4/6 + 5*s**3/2 - 19*s**2 - 1. Let f be 88/(-5) - 2/5. What is the units digit of m(f)?
9
Suppose -56 = -4*i - 3*l, 2*i + l = -l + 28. Let z = 16 - i. Let d(p) = 10*p**2 + 4*p - 5. What is the units digit of d(z)?
3
Let s = 9615 + -4091. What is the hundreds digit of s?
5
Let p = 29 + 5. Let c = p + -30. Suppose -c*u = -z - 120, 3*u - 2*z - 31 - 54 = 0. What is the units digit of u?
1
Suppose 27*z - 33*z - 48 = 0. Let m be -1 + (-3 - z - 0). Suppose -3*h - m*h + 1064 = 0. What is the tens digit of h?
5
Suppose -k - 4*g = -3*g - 8, k + 16 = 5*g. What is the tens digit of 3564/12 - (1 - k - 3)?
0
Let i = 703 + -43. Suppose 4*y - i = -2*y. What is the tens digit of y?
1
Let c = -1 - -2. Let i be -18*93/(-4)*(-20)/(-30). Suppose -4*n + i = -c. What is the units digit of n?
0
What is the ten thousands digit of (-56)/2*(-9 + 223860/(-112))?
5
Let t be (-6)/(-3)*71/(-2). Suppose 5454*d - 205 = 5459*d. Let h = d - t. What is the tens digit of h?
3
Let t(x) = -x**2 - 4*x + 13. Suppose -f = 14*f - 1200. Let n = -86 + f. What is the units digit of t(n)?
1
Suppose 212 = 5*s + 2*b, s + b - 20 = 20. Let u = 47 - 0. Let d = u - s. What is the units digit of d?
3
Let y = 26787 - -614. What is the ten thousands digit of y?
2
What is the tens digit of (-312)/(-364) - (-73235)/7?
6
Suppose 5*s - 1310 = 1370. Let h be ((-2)/(-2))/(8/s). Let v = h - 53. What is the tens digit of v?
1
Suppose -13*i = -3961 - 4853. Suppose 4*f - 4*c - 2572 = 0, -4*c + i - 2608 = -3*f. What is the tens digit of f?
4
What is the units digit of (-3 + 5)/(-5 - 961496/(-192296))?
7
Suppose x - 51 = m, 4*m - 36 = x - 84. Suppose x*a + 2430 = 63530. What is the hundreds digit of a?
1
Let x be 1*-3*(-29 - -28). What is the units digit of x/(-9) + 1 + (-1300)/(-3)?
4
Suppose -10*d = -66380 - 66070. What is the units digit of (-4)/(-7) - d/(-35)?
9
Suppose 5*w - 6 = 29. Suppose 3*q = 6*q - w*q. Suppose 3*u + 32 - 383 = q. What is the units digit of u?
7
Let l = 29972 + -13438. What is the thousands digit of l?
6
Suppose 0 = -